{"id":2779,"date":"2025-09-03T13:21:30","date_gmt":"2025-09-03T13:21:30","guid":{"rendered":"https:\/\/webshop.schlussakkord.de\/?post_type=product&#038;p=2779"},"modified":"2025-10-06T06:52:12","modified_gmt":"2025-10-06T06:52:12","slug":"schlussakkord-drehbuch-cd-digipak-26-09-2025","status":"publish","type":"product","link":"https:\/\/webshop.schlussakkord.de\/?product=schlussakkord-drehbuch-cd-digipak-26-09-2025","title":{"rendered":"Schlussakkord &#8211; Drehbuch (CD digipak Album 2025)"},"content":{"rendered":"<p dir=\"ltr\">VVK Schlussakkord &#8211; Drehbuch (CD digipak) (ab 26.09.2025)<\/p>\n<p dir=\"ltr\">TRACKLISTING:<\/p>\n<p dir=\"ltr\">CD<\/p>\n<p dir=\"ltr\">01. Intro<br \/>\n02. Wir sind wieder da<br \/>\n03. Kein Weg zu lang<br \/>\n04. F\u00fcr immer verbunden<br \/>\n05. Paradox<br \/>\n06. So dreht sich die Welt<br \/>\n07. Nicht ohne dich<br \/>\n08. Abschied<br \/>\n09. Rette mich wer kann<br \/>\n10. Ich bleibe wer ich bin<br \/>\n11. Sommer, Sonne, Schlussakkord<br \/>\n12. Dein Weg<br \/>\n13. Der alte Mann und das Meer<\/p>\n<p dir=\"ltr\">Vor vielen Jahren starteten f\u00fcnf Jenaer Jungs ihre musikalische Reise unter dem Namen &#8220;Mental Hospital&#8221; und haben seitdem einiges erlebt und durchgestanden.<\/p>\n<p dir=\"ltr\">Mit der Umbenennung in SCHLUSSAKKORD im Jahr 2017, folgte ein halbes Jahr sp\u00e4ter auch das erste Studioalbum der Band, \u201eSpieler oder Bauer\u201c.<\/p>\n<p dir=\"ltr\">Mit ihrem Debut im Gep\u00e4ck zog es die Musiker anschlie\u00dfend quer durch die Republik, ob als Tour Support, Clubkonzerten, oder Festivals, sodass kaum ein Bundesland unbespielt blieb.<\/p>\n<p>Und so lie\u00df auch der zweite Tontr\u00e4ger nicht lange auf sich warten.<\/p>\n<p>Im Juni 2020 enterten SCHLUSSAKKORD mit \u201eSpiegelbild der Zeit\u201c die offiziellen deutschen Charts auf Platz 57 und setzten damit ein weiteres, richtungsweisendes Ausrufezeichen.<\/p>\n<p dir=\"ltr\">Nach 2 Jahren des weltweiten Stillstands, eroberte die Band 2022 erneut die B\u00fchnen zwischen Cottbus bis Oberhausen und Flensburg bis S\u00fcdtirol.<\/p>\n<p>2023 dr\u00e4ngten sich dann die ersten Gedanken und W\u00fcnsche auf, den Fans neue SCHLUSSAKKORD Songs pr\u00e4sentieren zu k\u00f6nnen.<\/p>\n<p dir=\"ltr\">Nach einem zwischenzeitlich erfolgten Besetzungswechsel \u00f6ffneten sich schlie\u00dflich 2024 f\u00f6rmlich die kreativen Schleusen, so dass es sofort an die Arbeit ging neues Songmaterial zu entwerfen.<\/p>\n<p>Nach der ersten Singleauskopplung \u201eWir sind wieder da\u201c im November 2024, konnte auch ein erneuter Formationswechsel die Band nicht mehr daran hindern, den eingeschlagenen Weg konsequent fortzusetzten.\u00a0 Und so machte man sich Anfang 2025 daran die letzten Kapitel von &#8220;Drehbuch&#8221; zu vollenden.<\/p>\n<p>Wenn auch die Besetzung der Band sich ver\u00e4ndert hat seit dem letzten Album, so ist dennoch die Energie und die Leidenschaft geblieben.<\/p>\n<p>Und so stehen SCHLUSSAKKORD bereit in den Startl\u00f6chern die neuen St\u00fccke auf die Bretter, die die Welt bedeuten, zu bringen und ihre Fans dorthin mitzunehmen.<\/p>\n<p dir=\"ltr\">Many years ago, five guys from Jena started their musical journey under the name \u201cMental Hospital\u201d and have been through a lot since then.<\/p>\n<p dir=\"ltr\">After changing their name to SCHLUSSAKKORD in 2017, the band released their first studio album, \u201cSpieler oder Bauer,\u201d six months later.<\/p>\n<p dir=\"ltr\">With their debut under their belts, the musicians then traveled across Germany, whether as tour support, club concerts, or festivals, so that hardly any federal state remained unplayed.<\/p>\n<p dir=\"ltr\">And so the second recording was not long in coming.<\/p>\n<p dir=\"ltr\">In June 2020, SCHLUSSAKKORD entered the official German charts at number 57 with \u201cSpiegelbild der Zeit\u201d (Reflection of Time), setting another trend-setting exclamation mark.<\/p>\n<p dir=\"ltr\">After two years of global standstill, the band conquered the stages between Cottbus and Oberhausen and Flensburg and South Tyrol once again in 2022.<\/p>\n<p dir=\"ltr\">In 2023, the first thoughts and wishes arose to present new SCHLUSSAKKORD songs to the fans.<\/p>\n<p dir=\"ltr\">After a change in line-up in the meantime, the creative floodgates finally opened in 2024, so that work began immediately on designing new song material.<\/p>\n<p dir=\"ltr\">After the release of the first single, \u201cWir sind wieder da\u201d (We&#8217;re back), in November 2014, even another lineup change couldn&#8217;t stop the band from continuing on their chosen path.\u00a0 And so, in early 2025, they set about completing the final chapters of \u201cDrehbuch\u201d (Screenplay).<\/p>\n<p dir=\"ltr\">Even though the band&#8217;s lineup has changed since the last album, the energy and passion remain.<\/p>\n<p>&nbsp;<\/p>\n<p>&nbsp;<\/p>\n<p dir=\"ltr\">\n","protected":false},"excerpt":{"rendered":"<p>VVK Schlussakkord &#8211; Drehbuch (CD digipak) (ab 26.09.2025) TRACKLISTING: CD 01. Intro 02. Wir sind wieder da 03. Kein Weg zu lang 04. F\u00fcr immer verbunden 05. Paradox 06. So dreht sich die Welt 07. Nicht ohne dich 08. Abschied 09. Rette mich wer kann&hellip;<\/p>\n","protected":false},"featured_media":2738,"template":"","meta":[],"product_brand":[],"product_cat":[34],"product_tag":[],"class_list":{"0":"post-2779","1":"product","2":"type-product","3":"status-publish","4":"has-post-thumbnail","6":"product_cat-media","7":"product_shipping_class-mini-paeckchen","9":"first","10":"instock","11":"purchasable","12":"product-type-simple"},"yoast_head":"<!-- This site is optimized with the Yoast SEO plugin v26.9 - https:\/\/yoast.com\/product\/yoast-seo-wordpress\/ -->\n<title>Schlussakkord - Drehbuch (CD digipak Album 2025) - Online Shop<\/title>\n<meta name=\"robots\" content=\"index, follow, max-snippet:-1, max-image-preview:large, max-video-preview:-1\" \/>\n<link rel=\"canonical\" href=\"https:\/\/webshop.schlussakkord.de\/?product=schlussakkord-drehbuch-cd-digipak-26-09-2025\" \/>\n<meta property=\"og:locale\" content=\"de_DE\" \/>\n<meta property=\"og:type\" content=\"article\" \/>\n<meta property=\"og:title\" content=\"Schlussakkord - Drehbuch (CD digipak Album 2025) - Online Shop\" \/>\n<meta property=\"og:description\" content=\"VVK Schlussakkord &#8211; Drehbuch (CD digipak) (ab 26.09.2025) TRACKLISTING: CD 01. Intro 02. Wir sind wieder da 03. Kein Weg zu lang 04. F\u00fcr immer verbunden 05. Paradox 06. So dreht sich die Welt 07. Nicht ohne dich 08. Abschied 09. Rette mich wer kann&hellip;\" \/>\n<meta property=\"og:url\" content=\"https:\/\/webshop.schlussakkord.de\/?product=schlussakkord-drehbuch-cd-digipak-26-09-2025\" \/>\n<meta property=\"og:site_name\" content=\"Online Shop\" \/>\n<meta property=\"article:modified_time\" content=\"2025-10-06T06:52:12+00:00\" \/>\n<meta property=\"og:image\" content=\"https:\/\/webshop.schlussakkord.de\/wp-content\/uploads\/2025\/08\/Fanbox-CD.png\" \/>\n\t<meta property=\"og:image:width\" content=\"600\" \/>\n\t<meta property=\"og:image:height\" content=\"800\" \/>\n\t<meta property=\"og:image:type\" content=\"image\/png\" \/>\n<meta name=\"twitter:card\" content=\"summary_large_image\" \/>\n<meta name=\"twitter:label1\" content=\"Gesch\u00e4tzte Lesezeit\" \/>\n\t<meta name=\"twitter:data1\" content=\"4\u00a0Minuten\" \/>\n<script type=\"application\/ld+json\" class=\"yoast-schema-graph\">{\"@context\":\"https:\/\/schema.org\",\"@graph\":[{\"@type\":\"WebPage\",\"@id\":\"https:\/\/webshop.schlussakkord.de\/?product=schlussakkord-drehbuch-cd-digipak-26-09-2025\",\"url\":\"https:\/\/webshop.schlussakkord.de\/?product=schlussakkord-drehbuch-cd-digipak-26-09-2025\",\"name\":\"Schlussakkord - Drehbuch (CD digipak Album 2025) - Online Shop\",\"isPartOf\":{\"@id\":\"https:\/\/webshop.schlussakkord.de\/#website\"},\"primaryImageOfPage\":{\"@id\":\"https:\/\/webshop.schlussakkord.de\/?product=schlussakkord-drehbuch-cd-digipak-26-09-2025#primaryimage\"},\"image\":{\"@id\":\"https:\/\/webshop.schlussakkord.de\/?product=schlussakkord-drehbuch-cd-digipak-26-09-2025#primaryimage\"},\"thumbnailUrl\":\"https:\/\/webshop.schlussakkord.de\/wp-content\/uploads\/2025\/08\/Fanbox-CD.png\",\"datePublished\":\"2025-09-03T13:21:30+00:00\",\"dateModified\":\"2025-10-06T06:52:12+00:00\",\"breadcrumb\":{\"@id\":\"https:\/\/webshop.schlussakkord.de\/?product=schlussakkord-drehbuch-cd-digipak-26-09-2025#breadcrumb\"},\"inLanguage\":\"de\",\"potentialAction\":[{\"@type\":\"ReadAction\",\"target\":[\"https:\/\/webshop.schlussakkord.de\/?product=schlussakkord-drehbuch-cd-digipak-26-09-2025\"]}]},{\"@type\":\"ImageObject\",\"inLanguage\":\"de\",\"@id\":\"https:\/\/webshop.schlussakkord.de\/?product=schlussakkord-drehbuch-cd-digipak-26-09-2025#primaryimage\",\"url\":\"https:\/\/webshop.schlussakkord.de\/wp-content\/uploads\/2025\/08\/Fanbox-CD.png\",\"contentUrl\":\"https:\/\/webshop.schlussakkord.de\/wp-content\/uploads\/2025\/08\/Fanbox-CD.png\",\"width\":600,\"height\":800},{\"@type\":\"BreadcrumbList\",\"@id\":\"https:\/\/webshop.schlussakkord.de\/?product=schlussakkord-drehbuch-cd-digipak-26-09-2025#breadcrumb\",\"itemListElement\":[{\"@type\":\"ListItem\",\"position\":1,\"name\":\"Home\",\"item\":\"https:\/\/webshop.schlussakkord.de\/\"},{\"@type\":\"ListItem\",\"position\":2,\"name\":\"Shop\",\"item\":\"https:\/\/webshop.schlussakkord.de\/\"},{\"@type\":\"ListItem\",\"position\":3,\"name\":\"Schlussakkord &#8211; Drehbuch (CD digipak Album 2025)\"}]},{\"@type\":\"WebSite\",\"@id\":\"https:\/\/webshop.schlussakkord.de\/#website\",\"url\":\"https:\/\/webshop.schlussakkord.de\/\",\"name\":\"Online Shop\",\"description\":\"\",\"publisher\":{\"@id\":\"https:\/\/webshop.schlussakkord.de\/#organization\"},\"potentialAction\":[{\"@type\":\"SearchAction\",\"target\":{\"@type\":\"EntryPoint\",\"urlTemplate\":\"https:\/\/webshop.schlussakkord.de\/?s={search_term_string}\"},\"query-input\":{\"@type\":\"PropertyValueSpecification\",\"valueRequired\":true,\"valueName\":\"search_term_string\"}}],\"inLanguage\":\"de\"},{\"@type\":\"Organization\",\"@id\":\"https:\/\/webshop.schlussakkord.de\/#organization\",\"name\":\"Online Shop\",\"url\":\"https:\/\/webshop.schlussakkord.de\/\",\"logo\":{\"@type\":\"ImageObject\",\"inLanguage\":\"de\",\"@id\":\"https:\/\/webshop.schlussakkord.de\/#\/schema\/logo\/image\/\",\"url\":\"https:\/\/webshop.schlussakkord.de\/wp-content\/uploads\/2022\/07\/cropped-schriftzug-schlussakkord-black.png\",\"contentUrl\":\"https:\/\/webshop.schlussakkord.de\/wp-content\/uploads\/2022\/07\/cropped-schriftzug-schlussakkord-black.png\",\"width\":9978,\"height\":2591,\"caption\":\"Online Shop\"},\"image\":{\"@id\":\"https:\/\/webshop.schlussakkord.de\/#\/schema\/logo\/image\/\"}}]}<\/script>\n<!-- \/ Yoast SEO plugin. -->","yoast_head_json":{"title":"Schlussakkord - Drehbuch (CD digipak Album 2025) - Online Shop","robots":{"index":"index","follow":"follow","max-snippet":"max-snippet:-1","max-image-preview":"max-image-preview:large","max-video-preview":"max-video-preview:-1"},"canonical":"https:\/\/webshop.schlussakkord.de\/?product=schlussakkord-drehbuch-cd-digipak-26-09-2025","og_locale":"de_DE","og_type":"article","og_title":"Schlussakkord - Drehbuch (CD digipak Album 2025) - Online Shop","og_description":"VVK Schlussakkord &#8211; Drehbuch (CD digipak) (ab 26.09.2025) TRACKLISTING: CD 01. Intro 02. Wir sind wieder da 03. Kein Weg zu lang 04. F\u00fcr immer verbunden 05. Paradox 06. So dreht sich die Welt 07. Nicht ohne dich 08. Abschied 09. Rette mich wer kann&hellip;","og_url":"https:\/\/webshop.schlussakkord.de\/?product=schlussakkord-drehbuch-cd-digipak-26-09-2025","og_site_name":"Online Shop","article_modified_time":"2025-10-06T06:52:12+00:00","og_image":[{"width":600,"height":800,"url":"https:\/\/webshop.schlussakkord.de\/wp-content\/uploads\/2025\/08\/Fanbox-CD.png","type":"image\/png"}],"twitter_card":"summary_large_image","twitter_misc":{"Gesch\u00e4tzte Lesezeit":"4\u00a0Minuten"},"schema":{"@context":"https:\/\/schema.org","@graph":[{"@type":"WebPage","@id":"https:\/\/webshop.schlussakkord.de\/?product=schlussakkord-drehbuch-cd-digipak-26-09-2025","url":"https:\/\/webshop.schlussakkord.de\/?product=schlussakkord-drehbuch-cd-digipak-26-09-2025","name":"Schlussakkord - Drehbuch (CD digipak Album 2025) - Online Shop","isPartOf":{"@id":"https:\/\/webshop.schlussakkord.de\/#website"},"primaryImageOfPage":{"@id":"https:\/\/webshop.schlussakkord.de\/?product=schlussakkord-drehbuch-cd-digipak-26-09-2025#primaryimage"},"image":{"@id":"https:\/\/webshop.schlussakkord.de\/?product=schlussakkord-drehbuch-cd-digipak-26-09-2025#primaryimage"},"thumbnailUrl":"https:\/\/webshop.schlussakkord.de\/wp-content\/uploads\/2025\/08\/Fanbox-CD.png","datePublished":"2025-09-03T13:21:30+00:00","dateModified":"2025-10-06T06:52:12+00:00","breadcrumb":{"@id":"https:\/\/webshop.schlussakkord.de\/?product=schlussakkord-drehbuch-cd-digipak-26-09-2025#breadcrumb"},"inLanguage":"de","potentialAction":[{"@type":"ReadAction","target":["https:\/\/webshop.schlussakkord.de\/?product=schlussakkord-drehbuch-cd-digipak-26-09-2025"]}]},{"@type":"ImageObject","inLanguage":"de","@id":"https:\/\/webshop.schlussakkord.de\/?product=schlussakkord-drehbuch-cd-digipak-26-09-2025#primaryimage","url":"https:\/\/webshop.schlussakkord.de\/wp-content\/uploads\/2025\/08\/Fanbox-CD.png","contentUrl":"https:\/\/webshop.schlussakkord.de\/wp-content\/uploads\/2025\/08\/Fanbox-CD.png","width":600,"height":800},{"@type":"BreadcrumbList","@id":"https:\/\/webshop.schlussakkord.de\/?product=schlussakkord-drehbuch-cd-digipak-26-09-2025#breadcrumb","itemListElement":[{"@type":"ListItem","position":1,"name":"Home","item":"https:\/\/webshop.schlussakkord.de\/"},{"@type":"ListItem","position":2,"name":"Shop","item":"https:\/\/webshop.schlussakkord.de\/"},{"@type":"ListItem","position":3,"name":"Schlussakkord &#8211; Drehbuch (CD digipak Album 2025)"}]},{"@type":"WebSite","@id":"https:\/\/webshop.schlussakkord.de\/#website","url":"https:\/\/webshop.schlussakkord.de\/","name":"Online Shop","description":"","publisher":{"@id":"https:\/\/webshop.schlussakkord.de\/#organization"},"potentialAction":[{"@type":"SearchAction","target":{"@type":"EntryPoint","urlTemplate":"https:\/\/webshop.schlussakkord.de\/?s={search_term_string}"},"query-input":{"@type":"PropertyValueSpecification","valueRequired":true,"valueName":"search_term_string"}}],"inLanguage":"de"},{"@type":"Organization","@id":"https:\/\/webshop.schlussakkord.de\/#organization","name":"Online Shop","url":"https:\/\/webshop.schlussakkord.de\/","logo":{"@type":"ImageObject","inLanguage":"de","@id":"https:\/\/webshop.schlussakkord.de\/#\/schema\/logo\/image\/","url":"https:\/\/webshop.schlussakkord.de\/wp-content\/uploads\/2022\/07\/cropped-schriftzug-schlussakkord-black.png","contentUrl":"https:\/\/webshop.schlussakkord.de\/wp-content\/uploads\/2022\/07\/cropped-schriftzug-schlussakkord-black.png","width":9978,"height":2591,"caption":"Online Shop"},"image":{"@id":"https:\/\/webshop.schlussakkord.de\/#\/schema\/logo\/image\/"}}]}},"jetpack_sharing_enabled":true,"_links":{"self":[{"href":"https:\/\/webshop.schlussakkord.de\/index.php?rest_route=\/wp\/v2\/product\/2779","targetHints":{"allow":["GET"]}}],"collection":[{"href":"https:\/\/webshop.schlussakkord.de\/index.php?rest_route=\/wp\/v2\/product"}],"about":[{"href":"https:\/\/webshop.schlussakkord.de\/index.php?rest_route=\/wp\/v2\/types\/product"}],"wp:featuredmedia":[{"embeddable":true,"href":"https:\/\/webshop.schlussakkord.de\/index.php?rest_route=\/wp\/v2\/media\/2738"}],"wp:attachment":[{"href":"https:\/\/webshop.schlussakkord.de\/index.php?rest_route=%2Fwp%2Fv2%2Fmedia&parent=2779"}],"wp:term":[{"taxonomy":"product_brand","embeddable":true,"href":"https:\/\/webshop.schlussakkord.de\/index.php?rest_route=%2Fwp%2Fv2%2Fproduct_brand&post=2779"},{"taxonomy":"product_cat","embeddable":true,"href":"https:\/\/webshop.schlussakkord.de\/index.php?rest_route=%2Fwp%2Fv2%2Fproduct_cat&post=2779"},{"taxonomy":"product_tag","embeddable":true,"href":"https:\/\/webshop.schlussakkord.de\/index.php?rest_route=%2Fwp%2Fv2%2Fproduct_tag&post=2779"}],"curies":[{"name":"wp","href":"https:\/\/api.w.org\/{rel}","templated":true}]}}